{"id":49,"date":"2024-03-11T01:30:44","date_gmt":"2024-03-11T00:30:44","guid":{"rendered":"https:\/\/krajlevandule.com\/?post_type=product&#038;p=49"},"modified":"2024-04-01T12:27:21","modified_gmt":"2024-04-01T10:27:21","slug":"velka-quiltovana-deka","status":"publish","type":"product","link":"https:\/\/krajlevandule.com\/index.php\/produkt\/velka-quiltovana-deka\/","title":{"rendered":"Velk\u00e1 quiltovan\u00e1 deka"},"content":{"rendered":"<p>Dobr\u00e1 jako p\u0159ikr\u00fdvka, nebo jen ozdoba. Vyu\u017eijete ji i na pikniku.<\/p>\n","protected":false},"excerpt":{"rendered":"<p>\u0160irok\u00e1 a tepl\u00e1 quiltovan\u00e1 deka na gau\u010d i do postele.<\/p>\n<ul>\n<li>bavln\u011bn\u00e9 l\u00e1tky<\/li>\n<li>v\u00fdpl\u0148 bavln\u011bn\u00fd vatel\u00edn<\/li>\n<\/ul>\n","protected":false},"featured_media":50,"comment_status":"open","ping_status":"closed","template":"","meta":[],"product_cat":[40],"product_tag":[41,37,42],"class_list":{"0":"post-49","1":"product","2":"type-product","3":"status-publish","4":"has-post-thumbnail","6":"product_cat-deky","7":"product_tag-deky","8":"product_tag-mnohobarevna","9":"product_tag-zimni","11":"first","12":"outofstock","13":"taxable","14":"shipping-taxable","15":"product-type-simple"},"_links":{"self":[{"href":"https:\/\/krajlevandule.com\/index.php\/wp-json\/wp\/v2\/product\/49"}],"collection":[{"href":"https:\/\/krajlevandule.com\/index.php\/wp-json\/wp\/v2\/product"}],"about":[{"href":"https:\/\/krajlevandule.com\/index.php\/wp-json\/wp\/v2\/types\/product"}],"replies":[{"embeddable":true,"href":"https:\/\/krajlevandule.com\/index.php\/wp-json\/wp\/v2\/comments?post=49"}],"wp:featuredmedia":[{"embeddable":true,"href":"https:\/\/krajlevandule.com\/index.php\/wp-json\/wp\/v2\/media\/50"}],"wp:attachment":[{"href":"https:\/\/krajlevandule.com\/index.php\/wp-json\/wp\/v2\/media?parent=49"}],"wp:term":[{"taxonomy":"product_cat","embeddable":true,"href":"https:\/\/krajlevandule.com\/index.php\/wp-json\/wp\/v2\/product_cat?post=49"},{"taxonomy":"product_tag","embeddable":true,"href":"https:\/\/krajlevandule.com\/index.php\/wp-json\/wp\/v2\/product_tag?post=49"}],"curies":[{"name":"wp","href":"https:\/\/api.w.org\/{rel}","templated":true}]}}