{"id":482,"date":"2025-01-25T15:33:20","date_gmt":"2025-01-25T14:33:20","guid":{"rendered":"https:\/\/krajlevandule.com\/?post_type=product&#038;p=482"},"modified":"2025-01-25T15:34:14","modified_gmt":"2025-01-25T14:34:14","slug":"mala-kosmeticka-tasticka-s-kvitky","status":"publish","type":"product","link":"https:\/\/krajlevandule.com\/index.php\/produkt\/mala-kosmeticka-tasticka-s-kvitky\/","title":{"rendered":"Mal\u00e1 kosmetick\u00e1 ta\u0161ti\u010dka s kv\u00edtky"},"content":{"rendered":"<p>Kr\u00e1sn\u00e1 mal\u00e1  kosmetick\u00e1 ta\u0161ti\u010dka vhodn\u00e1 i jako pouzdro na br\u00fdle,kl\u00ed\u010de, r\u016fzn\u00e9 drobnosti<\/p>\n","protected":false},"excerpt":{"rendered":"<p>IHust\u011b pro\u0161it\u00e9 pouzdro z kr\u00e1sn\u00e9 bavln\u011bn\u00e9 l\u00e1tky s drobn\u00fdmi kv\u00edtky s ko\u017een\u00fdm  poutkem. <\/p>\n","protected":false},"featured_media":488,"comment_status":"open","ping_status":"closed","template":"","meta":[],"product_cat":[49,50,45,21,52],"product_tag":[],"class_list":{"0":"post-482","1":"product","2":"type-product","3":"status-publish","4":"has-post-thumbnail","6":"product_cat-kosmeticke-tasticky","7":"product_cat-kosmeticke-tasticky-tasky","8":"product_cat-obaly","9":"product_cat-pouzdra","10":"product_cat-tasticky","12":"first","13":"instock","14":"taxable","15":"shipping-taxable","16":"purchasable","17":"product-type-simple"},"_links":{"self":[{"href":"https:\/\/krajlevandule.com\/index.php\/wp-json\/wp\/v2\/product\/482"}],"collection":[{"href":"https:\/\/krajlevandule.com\/index.php\/wp-json\/wp\/v2\/product"}],"about":[{"href":"https:\/\/krajlevandule.com\/index.php\/wp-json\/wp\/v2\/types\/product"}],"replies":[{"embeddable":true,"href":"https:\/\/krajlevandule.com\/index.php\/wp-json\/wp\/v2\/comments?post=482"}],"wp:featuredmedia":[{"embeddable":true,"href":"https:\/\/krajlevandule.com\/index.php\/wp-json\/wp\/v2\/media\/488"}],"wp:attachment":[{"href":"https:\/\/krajlevandule.com\/index.php\/wp-json\/wp\/v2\/media?parent=482"}],"wp:term":[{"taxonomy":"product_cat","embeddable":true,"href":"https:\/\/krajlevandule.com\/index.php\/wp-json\/wp\/v2\/product_cat?post=482"},{"taxonomy":"product_tag","embeddable":true,"href":"https:\/\/krajlevandule.com\/index.php\/wp-json\/wp\/v2\/product_tag?post=482"}],"curies":[{"name":"wp","href":"https:\/\/api.w.org\/{rel}","templated":true}]}}