{"id":44,"date":"2024-03-11T01:25:07","date_gmt":"2024-03-11T00:25:07","guid":{"rendered":"https:\/\/krajlevandule.com\/?post_type=product&#038;p=44"},"modified":"2024-04-01T12:27:48","modified_gmt":"2024-04-01T10:27:48","slug":"taska-podzimni","status":"publish","type":"product","link":"https:\/\/krajlevandule.com\/index.php\/produkt\/taska-podzimni\/","title":{"rendered":"Kosmetick\u00e1 ta\u0161ti\u010dka podzimn\u00ed"},"content":{"rendered":"","protected":false},"excerpt":{"rendered":"<p>Ta\u0161ka na drobn\u011bj\u0161\u00ed p\u0159edm\u011bty.<\/p>\n<ul>\n<li>L\u00e1tka &#8222;podzim&#8220;<\/li>\n<\/ul>\n","protected":false},"featured_media":45,"comment_status":"open","ping_status":"closed","template":"","meta":[],"product_cat":[50,20],"product_tag":[51,37,39],"class_list":{"0":"post-44","1":"product","2":"type-product","3":"status-publish","4":"has-post-thumbnail","6":"product_cat-kosmeticke-tasticky-tasky","7":"product_cat-tasky","8":"product_tag-kosmeticke","9":"product_tag-mnohobarevna","10":"product_tag-tasky","12":"first","13":"outofstock","14":"taxable","15":"shipping-taxable","16":"product-type-simple"},"_links":{"self":[{"href":"https:\/\/krajlevandule.com\/index.php\/wp-json\/wp\/v2\/product\/44"}],"collection":[{"href":"https:\/\/krajlevandule.com\/index.php\/wp-json\/wp\/v2\/product"}],"about":[{"href":"https:\/\/krajlevandule.com\/index.php\/wp-json\/wp\/v2\/types\/product"}],"replies":[{"embeddable":true,"href":"https:\/\/krajlevandule.com\/index.php\/wp-json\/wp\/v2\/comments?post=44"}],"wp:featuredmedia":[{"embeddable":true,"href":"https:\/\/krajlevandule.com\/index.php\/wp-json\/wp\/v2\/media\/45"}],"wp:attachment":[{"href":"https:\/\/krajlevandule.com\/index.php\/wp-json\/wp\/v2\/media?parent=44"}],"wp:term":[{"taxonomy":"product_cat","embeddable":true,"href":"https:\/\/krajlevandule.com\/index.php\/wp-json\/wp\/v2\/product_cat?post=44"},{"taxonomy":"product_tag","embeddable":true,"href":"https:\/\/krajlevandule.com\/index.php\/wp-json\/wp\/v2\/product_tag?post=44"}],"curies":[{"name":"wp","href":"https:\/\/api.w.org\/{rel}","templated":true}]}}