{"id":21,"date":"2024-03-10T23:14:56","date_gmt":"2024-03-10T22:14:56","guid":{"rendered":"https:\/\/krajlevandule.com\/?post_type=product&#038;p=21"},"modified":"2024-04-01T12:28:10","modified_gmt":"2024-04-01T10:28:10","slug":"mnohoucelovy-penal","status":"publish","type":"product","link":"https:\/\/krajlevandule.com\/index.php\/produkt\/mnohoucelovy-penal\/","title":{"rendered":"Mnoho\u00fa\u010delov\u00fd \u0161koln\u00ed pen\u00e1l"},"content":{"rendered":"<p>Pen\u00e1l m\u00e1 p\u011bt \u010dtvercov\u00fdch ploch, \u010dty\u0159i kapsy r\u016fzn\u00fdch zaji\u0161t\u011bn\u00ed, a prostor pro spoustu pis\u00e1tek, pastelek, blo\u010dk\u016f.<\/p>\n<p>&nbsp;<\/p>\n","protected":false},"excerpt":{"rendered":"<p>\u0160koln\u00ed pen\u00e1l pro n\u00e1ro\u010dn\u00e9. Spousta prostor\u016f pro psac\u00ed n\u00e1\u010din\u00ed v\u0161eho druhu. Skladn\u00fd a malebn\u00fd.<\/p>\n<p>&nbsp;<\/p>\n","protected":false},"featured_media":26,"comment_status":"open","ping_status":"closed","template":"","meta":[],"product_cat":[25,28],"product_tag":[34,32,33],"class_list":{"0":"post-21","1":"product","2":"type-product","3":"status-publish","4":"has-post-thumbnail","6":"product_cat-knihy-psani-a-malovani","7":"product_cat-penaly","8":"product_tag-mnohobarevny","9":"product_tag-penal","10":"product_tag-skolni-pomucky","12":"first","13":"outofstock","14":"taxable","15":"shipping-taxable","16":"product-type-simple"},"_links":{"self":[{"href":"https:\/\/krajlevandule.com\/index.php\/wp-json\/wp\/v2\/product\/21"}],"collection":[{"href":"https:\/\/krajlevandule.com\/index.php\/wp-json\/wp\/v2\/product"}],"about":[{"href":"https:\/\/krajlevandule.com\/index.php\/wp-json\/wp\/v2\/types\/product"}],"replies":[{"embeddable":true,"href":"https:\/\/krajlevandule.com\/index.php\/wp-json\/wp\/v2\/comments?post=21"}],"wp:featuredmedia":[{"embeddable":true,"href":"https:\/\/krajlevandule.com\/index.php\/wp-json\/wp\/v2\/media\/26"}],"wp:attachment":[{"href":"https:\/\/krajlevandule.com\/index.php\/wp-json\/wp\/v2\/media?parent=21"}],"wp:term":[{"taxonomy":"product_cat","embeddable":true,"href":"https:\/\/krajlevandule.com\/index.php\/wp-json\/wp\/v2\/product_cat?post=21"},{"taxonomy":"product_tag","embeddable":true,"href":"https:\/\/krajlevandule.com\/index.php\/wp-json\/wp\/v2\/product_tag?post=21"}],"curies":[{"name":"wp","href":"https:\/\/api.w.org\/{rel}","templated":true}]}}