{"id":194,"date":"2024-03-17T14:56:05","date_gmt":"2024-03-17T13:56:05","guid":{"rendered":"https:\/\/krajlevandule.com\/?post_type=product&#038;p=194"},"modified":"2025-01-14T21:15:02","modified_gmt":"2025-01-14T20:15:02","slug":"obal-na-tablet-vetsi","status":"publish","type":"product","link":"https:\/\/krajlevandule.com\/index.php\/produkt\/obal-na-tablet-vetsi\/","title":{"rendered":"Obal na tablet v\u011bt\u0161\u00ed"},"content":{"rendered":"<ul>\n<li>Bavln\u011bn\u00e9 l\u00e1tky<\/li>\n<li>V\u00fdpl\u0148 termol\u00edn<\/li>\n<\/ul>\n<p>Pr\u00e1t na 30 stup\u0148\u016f<\/p>\n","protected":false},"excerpt":{"rendered":"<p>Obal na tablet, dokumenty, obl\u00edbenou kn\u00ed\u017eku\u2026.<\/p>\n","protected":false},"featured_media":226,"comment_status":"open","ping_status":"closed","template":"","meta":[],"product_cat":[30,46],"product_tag":[37],"class_list":{"0":"post-194","1":"product","2":"type-product","3":"status-publish","4":"has-post-thumbnail","6":"product_cat-obaly-na-knihy","7":"product_cat-obaly-na-tablety","8":"product_tag-mnohobarevna","10":"first","11":"outofstock","12":"taxable","13":"shipping-taxable","14":"purchasable","15":"product-type-simple"},"_links":{"self":[{"href":"https:\/\/krajlevandule.com\/index.php\/wp-json\/wp\/v2\/product\/194"}],"collection":[{"href":"https:\/\/krajlevandule.com\/index.php\/wp-json\/wp\/v2\/product"}],"about":[{"href":"https:\/\/krajlevandule.com\/index.php\/wp-json\/wp\/v2\/types\/product"}],"replies":[{"embeddable":true,"href":"https:\/\/krajlevandule.com\/index.php\/wp-json\/wp\/v2\/comments?post=194"}],"wp:featuredmedia":[{"embeddable":true,"href":"https:\/\/krajlevandule.com\/index.php\/wp-json\/wp\/v2\/media\/226"}],"wp:attachment":[{"href":"https:\/\/krajlevandule.com\/index.php\/wp-json\/wp\/v2\/media?parent=194"}],"wp:term":[{"taxonomy":"product_cat","embeddable":true,"href":"https:\/\/krajlevandule.com\/index.php\/wp-json\/wp\/v2\/product_cat?post=194"},{"taxonomy":"product_tag","embeddable":true,"href":"https:\/\/krajlevandule.com\/index.php\/wp-json\/wp\/v2\/product_tag?post=194"}],"curies":[{"name":"wp","href":"https:\/\/api.w.org\/{rel}","templated":true}]}}